number?
False
Is 312451 composite?
False
Is 76207 a composite number?
False
Is 311005 prime?
False
Is 320291 composite?
False
Is 15401 a composite number?
False
Is 687049 composite?
True
Is 2329246 a prime number?
False
Is 291881 prime?
False
Is 4691 a composite number?
False
Is 44818 a composite number?
True
Is 115927 prime?
False
Is 10099 composite?
False
Is 214541 prime?
True
Is 3631 a prime number?
True
Is 84397 composite?
True
Is 6247 prime?
True
Is 19 prime?
True
Is 103855 a composite number?
True
Is 32827 composite?
True
Is 15391 a prime number?
True
Is 16294 a prime number?
False
Is 127 a composite number?
False
Is 166733 a prime number?
False
Is 6467 prime?
False
Is 25397 a prime number?
False
Is 62591 a prime number?
True
Is 889579 prime?
True
Is 196255 a prime number?
False
Is 129671 prime?
True
Is 250147 a composite number?
False
Is 2029 a prime number?
True
Is 545 a prime number?
False
Is 32561 composite?
False
Is 14923 a prime number?
True
Is 80915 composite?
True
Is 9199 a prime number?
True
Is 98726 a prime number?
False
Is 1757 a prime number?
False
Is 241639 prime?
True
Is 617303 a composite number?
True
Is 4327 composite?
False
Is 88721 composite?
False
Is 49291 a composite number?
True
Is 6197 a composite number?
False
Is 121139 prime?
True
Is 98749 a composite number?
True
Is 386473 composite?
True
Is 1408597 composite?
False
Is 6343 a prime number?
True
Is 58309 a composite number?
False
Is 55739 prime?
False
Is 16143 prime?
False
Is 4153 composite?
False
Is 192917 a composite number?
False
Is 55049 a composite number?
False
Is 20209 a composite number?
True
Is 75401 a composite number?
False
Is 31 a prime number?
True
Is 3251 a composite number?
False
Is 11923 a prime number?
True
Is 12889 prime?
True
Is 375743 composite?
False
Is 1693 a composite number?
False
Is 20849 composite?
False
Is 92291 a prime number?
False
Is 3862 composite?
True
Is 178259 a composite number?
False
Is 218885 a prime number?
False
Is 43115 prime?
False
Is 1745 composite?
True
Is 331 composite?
False
Is 13379 prime?
False
Is 29981 a composite number?
True
Is 1179779 a composite number?
False
Is 219433 prime?
True
Is 222653 prime?
False
Is 520997 prime?
False
Is 996235 prime?
False
Is 144667 composite?
False
Is 125449 a composite number?
True
Is 36797 prime?
False
Is 3589 prime?
False
Is 907 composite?
False
Is 52879 a prime number?
True
Is 12869 a prime number?
False
Is 5897 prime?
True
Is 45259 composite?
False
Is 16381 a composite number?
False
Is 10961 a composite number?
True
Is 22969 composite?
True
Is 257003 a composite number?
False
Is 40429 prime?
True
Is 998273 a prime number?
True
Is 11463 prime?
False
Is 4169 composite?
True
Is 6121 a prime number?
True
Is 290117 composite?
True
Is 2045 a composite number?
True
Is 251501 a prime number?
True
Is 20143 composite?
False
Is 32491 composite?
False
Is 11371 composite?
True
Is 1151 a composite number?
False
Is 103171 a composite number?
False
Is 6239 prime?
False
Is 156059 a composite number?
False
Is 3847 prime?
True
Is 4271 a prime number?
True
Is 31483 a prime number?
False
Is 11463 a composite number?
True
Is 2707 a composite number?
False
Is 217199 a prime number?
True
Is 50411 a prime number?
True
Is 46399 prime?
True
Is 44249 prime?
True
Is 136727 a composite number?
False
Is 59131 a prime number?
False
Is 6637 composite?
False
Is 205969 composite?
True
Is 19043 composite?
True
Is 1156601 prime?
False
Is 2851645 composite?
True
Is 14709 prime?
False
Is 8603 a prime number?
False
Is 2062 composite?
True
Is 173839 composite?
False
Is 16294 composite?
True
Is 39965 prime?
False
Is 1416563 a composite number?
True
Is 194926 a prime number?
False
Is 42013 composite?
False
Is 1302443 prime?
True
Is 5407 a composite number?
False
Is 72395 composite?
True
Is 2899 composite?
True
Is 7382 composite?
True
Is 476299 a prime number?
True
Is 862039 a composite number?
True
Is 418685 a composite number?
True
Is 532919 prime?
True
Is 5381 prime?
True
Is 111 a composite number?
True
Is 8083 a composite number?
True
Is 3282121 prime?
True
Is 131465 composite?
True
Is 4553 prime?
False
Is 40718 a composite number?
True
Is 5942 composite?
True
Is 535037 composite?
False
Is 3595 a composite number?
True
Is 1244333 a composite number?
False
Is 954451 a prime number?
True
Is 13739 a composite number?
True
Is 171439 a composite number?
False
Is 175079 composite?
False
Is 57973 a composite number?
False
Is 7217 composite?
True
Is 222251 composite?
True
Is 36893 composite?
True
Is 13259 a prime number?
True
Is 22987 a prime number?
False
Is 74027 a prime number?
True
Is 2179 composite?
False
Is 6196153 a composite number?
False
Is 5231 prime?
True
Is 6263 prime?
True
Is 120403 prime?
False
Is 1900381 a composite number?
True
Is 72847 a prime number?
False
Is 79531 composite?
False
Is 20873 composite?
False
Is 26749 a prime number?
False
Is 2309 a composite number?
False
Is 699113 composite?
False
Is 49763 composite?
True
Is 921203 a prime number?
True
Is 8461 a prime number?
True
Is 380911 prime?
False
Is 7481 prime?
True
Is 885119 prime?
False
Is 83129 composite?
True
Is 48371 a prime number?
True
Is 104639 composite?
False
Is 326765 a prime number?
False
Is 93421 a prime number?
False
Is 24733 prime?
True
Is 229373 a composite number?
False
Is 5638 a prime number?
False
Is 191303 a prime number?
False
Is 330749 prime?
True
Is 49867 composite?
True
Is 733 a prime number?
True
Is 165161 prime?
True
Is 4103 a prime number?
False
Is 1103201 prime?
False
Is 203293 composite?
False
Is 882983 a prime number?
False
Is 70427 prime?
False
Is 111311 a prime number?
False
Is 10277 prime?
False
Is 47699 prime?
True
Is 2359603 composite?
False
Is 1232549 a prime number?
False
Is 375629 a prime number?
False
Is 15619 a composite number?
False
Is 42421 composite?
True
Is 27773 prime?
True
Is 12661 prime?
False
Is 202439 a prime number?
False
Is 46381 composite?
False
Is 360569 composite?
True
Is 477985 a prime number?
False
Is 680987 a prime number?
True
Is 738917 prime?
True
Is 297994 prime?
False
Is 60787 prime?
False
Is 5099 a composite number?
False
Is 327601 a prime number?
False
Is 9277 prime?
True
Is 5219 prime?
False
Is 631 a prime number?
True
Is 22147 prime?
True
Is 207749 composite?
True
Is 3943 a prime number?
True
Is 424519 a prime number?
True
Is 384182 a prime number?
False
Is 1035733 composite?
False
Is 5323 a composite number?
False
Is 19078 composite?
True
Is 3424121 prime?
True
Is 192091 composite?
False
Is 66373 a composite number?
False
Is 229897 composite?
False
Is 1722229 prime?
False
Is 113327 a composite number?
False
Is 134713 prime?
False
Is 29167 composite?
False
Is 519559 a composite number?
True
Is 8093 a prime number?
True
Is 34123 a prime number?
True
Is 245143 prime?
False
Is 33691 composite?
True
Is 453517 prime?
False
Is 67211 a composite number?
False
Is 87007 a prime number?
False
Is 66227 prime?
False
Is 30553 a composite number?
False
Is 14179 prime?
False
Is 93263 composite?
False
Is 7717 a composite number?
False
Is 248801 a prime number?
False
Is 1673 a composite number?
True
Is 270859 composite?
False
Is 4421 a prime number?
True
Is 622279 prime?
False
Is 118 prime?
False
Is 17953 prime?
False
Is 28415 composite?
True
Is 1110839 a prime number?
True
Is 349663 a composite number?
False
Is 18947 composite?
False
Is 13103 a prime number?
True
Is 16049 a prime number?
False
Is 361509 composite?
True
Is 631342 composite?
True
Is 16423 a prime number?
False
Is 98407 prime?
True
Is 12499 prime?
False
Is 314693 composite?
False
Is 23399 prime?
True
Is 8158 a composite number?
True
Is 243613 a composite number?
False
Is 4201 prime?
True
Is 166381 prime?
False
Is 1363 a prime number?
False
Is 941569 prime?
False
Is 2933 composite?
True
Is 2267 a composite number?
False
Is 13033 a composite number?
False
Is 228119 composite?
True
Is 401797 prime?
False
Is 308779 prime?
False
Is 106 a composite number?
True
Is 255263 prime?
False
Is 497717 composite?
True
Is 1731021 a prime number?
False
Is 1819 prime?
False
Is 2231 prime?
False
Is 1399 prime?
True
Is 12689 prime?
True
Is 161179 composite?
True
Is 206053 composite?
True
Is 224443 a prime number?
True
Is 14489 prime?
True
Is 173091 prime?
